site number?
True
Is 160552621 composite?
True
Is 976088953 prime?
False
Is 11823387679 a composite number?
False
Is 183748655369 prime?
True
Is 3078389423 prime?
False
Is 1186795777 a composite number?
False
Is 8997593223 a prime number?
False
Is 4711221761 prime?
True
Is 21048296129 composite?
True
Is 11663051779 a prime number?
False
Is 106488517 prime?
True
Is 2000361793 a prime number?
True
Is 3547428223 a composite number?
False
Is 73918802063 a prime number?
True
Is 681077677 prime?
False
Is 5749618741 a prime number?
True
Is 96363863285 prime?
False
Is 3208291661 composite?
False
Is 59349479719 a prime number?
False
Is 55119445247 composite?
False
Is 23000996203 composite?
True
Is 63574301501 composite?
True
Is 133543705549 a composite number?
True
Is 226723765971 composite?
True
Is 3810534461 a prime number?
False
Is 2543834597 a composite number?
False
Is 64025860097 a prime number?
True
Is 1432268249 composite?
True
Is 138655109 composite?
True
Is 7007849083 a composite number?
False
Is 19466084553 a composite number?
True
Is 2464556867 prime?
True
Is 25396377781 prime?
False
Is 3402647423 composite?
True
Is 389277671 a composite number?
False
Is 428630973 composite?
True
Is 162603533 prime?
False
Is 1627508563 composite?
False
Is 7114869211 a prime number?
False
Is 3400327241 composite?
True
Is 2721374753 a composite number?
True
Is 12405113057 a composite number?
False
Is 14004490889 composite?
True
Is 7095080819 prime?
True
Is 876016199 a prime number?
True
Is 4710657379 composite?
False
Is 1777770517 prime?
False
Is 5980629737 composite?
False
Is 29624398795 composite?
True
Is 56489429 composite?
False
Is 2874043663 a composite number?
False
Is 282213814507 a prime number?
False
Is 53386832623 prime?
False
Is 21045880307 a composite number?
False
Is 20284428251 prime?
False
Is 780525103 composite?
True
Is 4208961335 a composite number?
True
Is 30621491903 prime?
True
Is 100185899217 a composite number?
True
Is 512869739 a prime number?
True
Is 4774934117 prime?
True
Is 10846546565 a prime number?
False
Is 171009550393 a composite number?
True
Is 26175883 a prime number?
True
Is 507853111 composite?
False
Is 289071461 a composite number?
True
Is 3129623389 prime?
True
Is 8086960261 a prime number?
False
Is 4062394459 a composite number?
False
Is 1841663867 composite?
False
Is 65754434731 prime?
False
Is 579486097 a composite number?
False
Is 3329135389 a composite number?
True
Is 10276786411 a composite number?
True
Is 836956853 a prime number?
True
Is 1706927863 composite?
False
Is 389838737 composite?
False
Is 679392381 a composite number?
True
Is 95527682947 composite?
False
Is 346974707 a prime number?
True
Is 3362161603 a prime number?
False
Is 10238013031 prime?
True
Is 1133066417 a composite number?
True
Is 74141196499 composite?
False
Is 27627562753 a prime number?
False
Is 459973037 composite?
True
Is 41229677999 a prime number?
False
Is 82662787457 composite?
False
Is 8689423123 a prime number?
True
Is 17399233097 a prime number?
True
Is 3011117003 a composite number?
True
Is 4253488199 composite?
True
Is 1561219291 a composite number?
False
Is 6215145961 prime?
False
Is 1717502123 prime?
True
Is 258479113669 composite?
True
Is 15114866069 a composite number?
True
Is 15868291729 a composite number?
True
Is 554798533 a prime number?
False
Is 3593704903 prime?
False
Is 81034084741 composite?
False
Is 2198593849 composite?
True
Is 1522835387 a prime number?
True
Is 320804927 a prime number?
True
Is 16582595453 a composite number?
True
Is 2131829347 prime?
True
Is 13622652503 prime?
True
Is 10731602249 composite?
True
Is 789353547 a composite number?
True
Is 652679834 prime?
False
Is 10147598467 a prime number?
True
Is 35729133227 composite?
True
Is 229244723 composite?
False
Is 10801826641 a composite number?
False
Is 22192070077 a prime number?
False
Is 1741046609 composite?
False
Is 1137498811 a composite number?
False
Is 2596009243 prime?
False
Is 2012848451 prime?
True
Is 27445105759 prime?
True
Is 629685139 composite?
True
Is 28467807829 prime?
True
Is 825989653 prime?
True
Is 18192069911 prime?
False
Is 14156965013 a composite number?
False
Is 7853773189 prime?
True
Is 57872327 prime?
True
Is 38280099437 composite?
True
Is 1533741409 prime?
False
Is 101863563149 prime?
False
Is 769945973 a composite number?
False
Is 1250909573 composite?
True
Is 3833936417 prime?
True
Is 7931790211 a prime number?
True
Is 2864461753 composite?
True
Is 5379070667 composite?
False
Is 19639379 prime?
True
Is 52041417 a prime number?
False
Is 142949297 a prime number?
True
Is 573673703 prime?
True
Is 48196288433 prime?
False
Is 34006908641 composite?
True
Is 7032715037 a composite number?
True
Is 14430753917 composite?
False
Is 2024206559 a composite number?
False
Is 1282863643 a composite number?
False
Is 268849433 prime?
True
Is 7059924694 a composite number?
True
Is 44663792909 composite?
False
Is 3376938203 prime?
False
Is 2431028797 a composite number?
True
Is 3974640613 a prime number?
False
Is 281717873 a prime number?
True
Is 135153647 a composite number?
False
Is 919267931 composite?
False
Is 1192594721 prime?
True
Is 3762633047 a prime number?
True
Is 3591791002 a composite number?
True
Is 992371161 a composite number?
True
Is 2455471037 prime?
True
Is 17997158293 a composite number?
True
Is 245556971 prime?
False
Is 49867634087 a composite number?
True
Is 1824942811 prime?
True
Is 362877301 prime?
False
Is 2447486573 a composite number?
True
Is 28791684829 a composite number?
False
Is 3226477181 composite?
False
Is 60084677 a prime number?
False
Is 5807587949 composite?
False
Is 3240754561 a prime number?
False
Is 547882397 a prime number?
False
Is 33175350155 composite?
True
Is 41850966323 a prime number?
True
Is 102568261 composite?
False
Is 4113534989 a prime number?
True
Is 8499695903 a prime number?
False
Is 100396119337 prime?
True
Is 80988683 a prime number?
True
Is 4350628747 composite?
True
Is 2946579287 a composite number?
False
Is 7401570877 a prime number?
True
Is 115269691 prime?
True
Is 27834241301 a prime number?
False
Is 580491893 a composite number?
True
Is 182629247 a composite number?
True
Is 1529653441 composite?
False
Is 28985287 a prime number?
False
Is 4022974679 a composite number?
True
Is 58031636323 a composite number?
False
Is 46072109381 composite?
False
Is 4758671371 prime?
True
Is 5678280719 a prime number?
True
Is 241545253441 prime?
False
Is 223408315407 prime?
False
Is 1092089693 composite?
False
Is 42931541321 composite?
True
Is 30782171873 a prime number?
False
Is 1463760691 a prime number?
True
Is 12258916543 a prime number?
True
Is 1007028551 a prime number?
False
Is 186848646767 prime?
False
Is 274187251 a prime number?
False
Is 1772851337 a prime number?
False
Is 103551589909 prime?
True
Is 324731279 prime?
True
Is 172705391 a composite number?
False
Is 41069188001 composite?
False
Is 2943803039 a composite number?
False
Is 364024291 prime?
False
Is 23644132231 a prime number?
True
Is 1552030387 prime?
True
Is 342967853 prime?
False
Is 2380842323 a composite number?
False
Is 15380972939 a composite number?
False
Is 3008113721 a prime number?
True
Is 27490733341 composite?
True
Is 387989210477 a composite number?
True
Is 202600503983 a prime number?
True
Is 26994399983 composite?
True
Is 44180847713 a composite number?
True
Is 93765744349 a prime number?
False
Is 709436753 a composite number?
True
Is 1432690166 composite?
True
Is 9683662441 composite?
True
Is 259772377 a composite number?
True
Is 4492383439 a composite number?
False
Is 16081617317 a composite number?
False
Is 357971699 prime?
False
Is 1005087901 a composite number?
True
Is 188247707 composite?
False
Is 1142083513 a prime number?
False
Is 65067881699 prime?
True
Is 86103727 composite?
True
Is 122363166091 a composite number?
False
Is 2910307033 a composite number?
False
Is 20344998071 a prime number?
False
Is 20026589423 composite?
False
Is 6669336367 prime?
True
Is 2383117013 prime?
True
Is 2914916691 a composite number?
True
Is 787891697 composite?
False
Is 8216646629 composite?
False
Is 3073142767 a composite number?
True
Is 21412641241 a composite number?
False
Is 4935446473 composite?
True
Is 71327380061 composite